{"id":6993,"date":"2026-02-08T14:53:16","date_gmt":"2026-02-08T13:53:16","guid":{"rendered":"https:\/\/mbfr.org\/?page_id=6993"},"modified":"2026-03-03T17:38:24","modified_gmt":"2026-03-03T16:38:24","slug":"termine","status":"publish","type":"page","link":"https:\/\/mbfr.org\/index.php\/termine\/","title":{"rendered":"Termine"},"content":{"rendered":"\n<p><strong>Unsere n\u00e4chsten Stammtischtermine:<\/strong><\/p>\n\n\n\n<p><\/p>\n\n\n\n<div class=\"wp-block-group has-global-padding is-layout-constrained wp-block-group-is-layout-constrained\">\n<p><a href=\"https:\/\/mbfr.org\/index.php\/termine\/rheinlandstammtisch-am-samstag-7-3-2026-in-koeln\/\" data-type=\"page\" data-id=\"7016\">Rheinlandstammtisch am 07.03.2026 in K\u00f6ln<\/a><\/p>\n\n\n\n<p><a href=\"https:\/\/mbfr.org\/index.php\/termine\/rheinlandstammtisch-am-11-04-2026-in-oberhausen\/\" data-type=\"page\" data-id=\"7001\">Rheinlandstammtisch am 11.04.2026 in Oberhausen<\/a><\/p>\n\n\n\n<p>Rheinlandstammtisch am xx.05.2026 in K\u00f6ln<\/p>\n\n\n\n<p><a href=\"https:\/\/mbfr.org\/index.php\/termine\/rheinlandstammtisch-am-13-06-2026-in-oberhausen\/\" data-type=\"page\" data-id=\"7006\">Rheinlandstammtisch am 13.06.2026 in Oberhausen<\/a><\/p>\n\n\n\n<p>Rheinlandstammtisch am xx.07.2026 in K\u00f6ln<\/p>\n\n\n\n<p><a href=\"https:\/\/mbfr.org\/index.php\/termine\/rheinlandstammtisch-am-08-08-2026-in-oberhausen\/\" data-type=\"page\" data-id=\"7025\">Rheinlandstammtisch am 08.08.2026 in Oberhausen<\/a><\/p>\n\n\n\n<p>Rheinlandstammtisch am xx.09.2026 in K\u00f6ln<\/p>\n\n\n\n<p><a href=\"https:\/\/mbfr.org\/index.php\/termine\/rheinlandstammtisch-am-03-10-2026-in-oberhausen\/\" data-type=\"page\" data-id=\"7027\">Rheinlandstammtisch am 03.10.2026 in Oberhausen<\/a><\/p>\n\n\n\n<p>Rheinlandstammtisch am xx.11.2026 in K\u00f6ln<\/p>\n\n\n\n<p><a href=\"https:\/\/mbfr.org\/index.php\/termine\/rheinlandstammtisch-am-12-12-2026-in-oberhausen\/\" data-type=\"page\" data-id=\"7029\">Rheinlandstammtisch am 12.12.2026 in Oberhausen<\/a><\/p>\n<\/div>\n\n\n\n<p><\/p>\n","protected":false},"excerpt":{"rendered":"<p>Unsere n\u00e4chsten Stammtischtermine: Rheinlandstammtisch am 07.03.2026 in K\u00f6ln Rheinlandstammtisch am 11.04.2026 in Oberhausen Rheinlandstammtisch am xx.05.2026 in K\u00f6ln Rheinlandstammtisch am 13.06.2026 in Oberhausen Rheinlandstammtisch am xx.07.2026 in K\u00f6ln Rheinlandstammtisch am 08.08.2026 in Oberhausen Rheinlandstammtisch am xx.09.2026 in K\u00f6ln Rheinlandstammtisch am 03.10.2026 in Oberhausen Rheinlandstammtisch am xx.11.2026 in K\u00f6ln Rheinlandstammtisch am 12.12.2026 in Oberhausen<\/p>\n","protected":false},"author":1,"featured_media":0,"parent":0,"menu_order":0,"comment_status":"closed","ping_status":"closed","template":"","meta":{"_bbp_topic_count":0,"_bbp_reply_count":0,"_bbp_total_topic_count":0,"_bbp_total_reply_count":0,"_bbp_voice_count":0,"_bbp_anonymous_reply_count":0,"_bbp_topic_count_hidden":0,"_bbp_reply_count_hidden":0,"_bbp_forum_subforum_count":0,"footnotes":""},"class_list":["post-6993","page","type-page","status-publish","hentry"],"_links":{"self":[{"href":"https:\/\/mbfr.org\/index.php\/wp-json\/wp\/v2\/pages\/6993","targetHints":{"allow":["GET"]}}],"collection":[{"href":"https:\/\/mbfr.org\/index.php\/wp-json\/wp\/v2\/pages"}],"about":[{"href":"https:\/\/mbfr.org\/index.php\/wp-json\/wp\/v2\/types\/page"}],"author":[{"embeddable":true,"href":"https:\/\/mbfr.org\/index.php\/wp-json\/wp\/v2\/users\/1"}],"replies":[{"embeddable":true,"href":"https:\/\/mbfr.org\/index.php\/wp-json\/wp\/v2\/comments?post=6993"}],"version-history":[{"count":6,"href":"https:\/\/mbfr.org\/index.php\/wp-json\/wp\/v2\/pages\/6993\/revisions"}],"predecessor-version":[{"id":7031,"href":"https:\/\/mbfr.org\/index.php\/wp-json\/wp\/v2\/pages\/6993\/revisions\/7031"}],"wp:attachment":[{"href":"https:\/\/mbfr.org\/index.php\/wp-json\/wp\/v2\/media?parent=6993"}],"curies":[{"name":"wp","href":"https:\/\/api.w.org\/{rel}","templated":true}]}}