{"id":2,"date":"2025-10-20T13:58:00","date_gmt":"2025-10-20T11:58:00","guid":{"rendered":"https:\/\/mbfr.org\/?page_id=2"},"modified":"2026-02-08T15:36:32","modified_gmt":"2026-02-08T14:36:32","slug":"beispiel-seite","status":"publish","type":"page","link":"https:\/\/mbfr.org\/index.php\/beispiel-seite\/","title":{"rendered":"\u00dcber uns"},"content":{"rendered":"\n<p>Der Verein wurde im Jahre 2007 in Frechen (bei K\u00f6ln) gegr\u00fcndet.<\/p>\n\n\n\n<p><br>Im MBFR e.V. organisieren sich LEGO\u00ae-Begeisterte aus ganz NRW.<br>Bei unseren regelm\u00e4\u00dfigen <a href=\"https:\/\/mbfr.org\/index.php\/termine\/\" data-type=\"page\" data-id=\"6993\">Stammtischen<\/a> tauschen wir uns rund um das Hobby &#8222;<strong><em>LEGO\u00ae-Modellbau<\/em><\/strong>&#8220; aus.<br>Neuerscheinungen sind dabei ebenso Thema wie L\u00f6sungen f\u00fcr<br>Konstruktionsprobleme oder komplexe technische<br>Herausforderungen,wie beispielsweise Motorisierungen oder Beleuchtung mit LED<br>Es ist egal, ob Du lieber die neuesten Sets baust, <br>gebrauchte Klassiker sammelst oder am liebsten eigene<br>Kreationen entwickelst(myowncreation=MOC).<br>Mehr fach im Jahr treffen wir uns in einem derLEGO\u00ae-Stores in<br>Oberhausen oder K\u00f6ln um im Anschluss in geselliger Runde den<br>Abend zu verbringen.<br>Dar\u00fcber hinaus veranstalten wir mehrfach im Jahr<br>Ausstellungen unterschiedlichster Gr\u00f6\u00dfe, auf denen wir unsere Modelle pr\u00e4sentieren.<\/p>\n\n\n\n<p>Au\u00dferdem findest Du uns auch auf vielen anderen<br>Ausstellungen in ganz Deutschland<\/p>\n\n\n\n<p><\/p>\n","protected":false},"excerpt":{"rendered":"<p>Der Verein wurde im Jahre 2007 in Frechen (bei K\u00f6ln) gegr\u00fcndet. Im MBFR e.V. organisieren sich LEGO\u00ae-Begeisterte aus ganz NRW.Bei unseren regelm\u00e4\u00dfigen Stammtischen tauschen wir uns rund um das Hobby &#8222;LEGO\u00ae-Modellbau&#8220; aus.Neuerscheinungen sind dabei ebenso Thema wie L\u00f6sungen f\u00fcrKonstruktionsprobleme oder komplexe technischeHerausforderungen,wie beispielsweise Motorisierungen oder Beleuchtung mit LEDEs ist egal, ob Du lieber die neuesten [&hellip;]<\/p>\n","protected":false},"author":1,"featured_media":0,"parent":0,"menu_order":0,"comment_status":"closed","ping_status":"open","template":"","meta":{"_bbp_topic_count":0,"_bbp_reply_count":0,"_bbp_total_topic_count":0,"_bbp_total_reply_count":0,"_bbp_voice_count":0,"_bbp_anonymous_reply_count":0,"_bbp_topic_count_hidden":0,"_bbp_reply_count_hidden":0,"_bbp_forum_subforum_count":0,"footnotes":""},"class_list":["post-2","page","type-page","status-publish","hentry"],"_links":{"self":[{"href":"https:\/\/mbfr.org\/index.php\/wp-json\/wp\/v2\/pages\/2","targetHints":{"allow":["GET"]}}],"collection":[{"href":"https:\/\/mbfr.org\/index.php\/wp-json\/wp\/v2\/pages"}],"about":[{"href":"https:\/\/mbfr.org\/index.php\/wp-json\/wp\/v2\/types\/page"}],"author":[{"embeddable":true,"href":"https:\/\/mbfr.org\/index.php\/wp-json\/wp\/v2\/users\/1"}],"replies":[{"embeddable":true,"href":"https:\/\/mbfr.org\/index.php\/wp-json\/wp\/v2\/comments?post=2"}],"version-history":[{"count":4,"href":"https:\/\/mbfr.org\/index.php\/wp-json\/wp\/v2\/pages\/2\/revisions"}],"predecessor-version":[{"id":7005,"href":"https:\/\/mbfr.org\/index.php\/wp-json\/wp\/v2\/pages\/2\/revisions\/7005"}],"wp:attachment":[{"href":"https:\/\/mbfr.org\/index.php\/wp-json\/wp\/v2\/media?parent=2"}],"curies":[{"name":"wp","href":"https:\/\/api.w.org\/{rel}","templated":true}]}}